 91952.
62
Calculate the remainder when 273130 is divided by 135.
25
What is the remainder when 309609 is divided by 154568?
473
What is the remainder when 147678 is divided by 16?
14
Calculate the remainder when 195826 is divided by 48258.
2794
What is the remainder when 79564 is divided by 1730?
1714
What is the remainder when 3288899 is divided by 328882?
79
Calculate the remainder when 225307 is divided by 522.
325
What is the remainder when 39771 is divided by 19222?
1327
Calculate the remainder when 12203114 is divided by 65.
14
Calculate the remainder when 4574010 is divided by 4311.
39
What is the remainder when 1489798313 is divided by 17?
15
What is the remainder when 7321809 is divided by 915?
894
Calculate the remainder when 18034048 is divided by 901702.
8
Calculate the remainder when 11071031 is divided by 141.
134
Calculate the remainder when 1626204 is divided by 766.
752
What is the remainder when 24246798 is divided by 2548?
30
Calculate the remainder when 65707310 is divided by 68.
66
Calculate the remainder when 3646 is divided by 3607.
39
Calculate the remainder when 322168 is divided by 320919.
1249
What is the remainder when 56478 is divided by 55613?
865
Calculate the remainder when 7560811 is divided by 383.
8
Calculate the remainder when 19679989 is divided by 1231.
1223
Calculate the remainder when 680395 is divided by 695.
685
Calculate the remainder when 323150 is divided by 26863.
794
Calculate the remainder when 22301807 is divided by 83.
39
What is the remainder when 1028044 is divided by 256747?
1056
Calculate the remainder when 1262302 is divided by 16387.
503
What is the remainder when 90416 is divided by 1116?
20
What is the remainder when 57876 is divided by 666?
600
What is the remainder when 191238027 is divided by 911?
907
Calculate the remainder when 137143452 is divided by 8942.
8940
Calculate the remainder when 2281605 is divided by 4845.
4455
Calculate the remainder when 43464746 is divided by 891.
875
What is the remainder when 440097 is divided by 440027?
70
Calculate the remainder when 15598499 is divided by 6779.
20
Calculate the remainder when 437863 is divided by 3679.
62
What is the remainder when 10980287 is divided by 17?
4
Calculate the remainder when 2069619 is divided by 3729.
24
What is the remainder when 5294375 is divided by 18708?
11
Calculate the remainder when 92027149 is divided by 8.
5
What is the remainder when 155737 is divided by 18021?
11569
Calculate the remainder when 6222484 is divided by 132392.
60
What is the remainder when 20502138 is divided by 38?
36
What is the remainder when 1016806 is divided by 1481?
840
What is the remainder when 104000 is divided by 95?
70
Calculate the remainder when 1558457800 is divided by 1199.
1197
Calculate the remainder when 43596 is divided by 7208.
348
What is the remainder when 4306637 is divided by 4743?
4736
What is the remainder when 914018 is divided by 130574?
0
Calculate the remainder when 11934833 is divided by 79.
66
Calculate the remainder when 41375 is divided by 13431.
1082
Calculate the remainder when 13960691 is divided by 1739.
1738
What is the remainder when 557757 is divided by 2352?
333
Calculate the remainder when 833134 is divided by 277604.
322
What is the remainder when 1337886 is divided by 175?
11
What is the remainder when 2019396 is divided by 1756?
1752
Calculate the remainder when 176176543 is divided by 5862.
5857
What is the remainder when 1271031 is divided by 2902?
2857
What is the remainder when 12504616 is divided by 19387?
1
Calculate the remainder when 2214767 is divided by 1428.
1367
What is the remainder when 50349 is divided by 48?
45
What is the remainder when 3659754 is divided by 612?
606
Calculate the remainder when 30640247 is divided by 214.
155
What is the remainder when 84138 is divided by 10499?
146
Calculate the remainder when 182736 is divided by 2683.
292
What is the remainder when 23347 is divided by 3198?
961
Calculate the remainder when 25462586 is divided by 114.
2
Calculate the remainder when 291084 is divided by 72766.
20
What is the remainder when 57090 is divided by 9192?
1938
What is the remainder when 157212 is divided by 1529?
1254
What is the remainder when 46053 is divided by 3258?
441
What is the remainder when 11377472 is divided by 5688730?
12
What is the remainder when 119695 is divided by 59706?
283
What is the remainder when 24242024 is divided by 837?
830
Calculate the remainder when 29604251 is divided by 29604242.
9
What is the remainder when 466852 is divided by 8806?
134
What is the remainder when 60506 is divided by 4287?
488
What is the remainder when 5200747 is divided by 2930?
2927
Calculate the remainder when 579078 is divided by 566.
60
What is the remainder when 1386143 is divided by 691?
688
What is the remainder when 25238031 is divided by 1794?
39
What is the remainder when 716768 is divided by 715723?
1045
What is the remainder when 9879 is divided by 884?
155
Calculate the remainder when 5564595 is divided by 5564594.
1
Calculate the remainder when 27390 is divided by 13689.
12
What is the remainder when 3717851 is divided by 464730?
11
Calculate the remainder when 12089818 is divided by 6044909.
0
Calculate the remainder when 2331787 is divided by 485.
392
What is the remainder when 4580371 is divided by 5776?
3
Calculate the remainder when 31723413 is divided by 72.
69
What is the remainder when 33640363 is divided by 258?
1
What is the remainder when 3204 is divided by 237?
123
Calculate the remainder when 437416 is divided by 78.
70
What is the remainder when 439124 is divided by 3485?
14
Calculate the remainder when 5874510 is divided by 127.
125
Calculate the remainder when 1388666 is divided by 615.
611
Calculate the remainder when 9698952 is divided by 18.
12
What is the remainder when 3387981 is divided by 26?
25
Calculate the remainder when 184707 is divided by 1620.
27
Calculate the remainder when 9350332 is divided by 246061.
14
Calculate the remainder when 22579272 is divided by 11289571.
130
Calculate the remainder when 8744789 is divided by 1457460.
29
Calculate the remainder when 74258 is divided by 491.
117
Calculate the remainder when 170217 is divided by 24262.
383
What is the remainder when 55162654 is divided by 131?
126
Calculate the remainder when 1213204 is divided by 131.
13
Calculate the remainder when 9095316 is divided by 1205.
1181
Calculate the remainder when 4666727 is divided by 1452.
1451
Calculate the remainder when 6189058 is divided by 1335.
1333
What is the remainder when 24874 is divided by 7847?
1333
What is the remainder when 1453412 is divided by 132128?
4
Calculate the remainder when 4527952 is divided by 65622.
34
What is the remainder when 5335272 is divided by 592807?
9
Calculate the remainder when 169339 is divided by 7.
2
Calculate the remainder when 2475834 is divided by 32.
26
Calculate the remainder when 360753 is divided by 44978.
929
Calculate the remainder when 346730 is divided by 5589.
212
What is the remainder when 793700 is divided by 435?
260
What is the remainder when 2861831 is divided by 1889?
1885
What is the remainder when 11133442 is divided by 51?
40
Calculate the remainder when 392179 is divided by 132.
7
Calculate the remainder when 6898620 is divided by 146779.
7
What is the remainder when 3083344 is divided by 14?
12
Calculate the remainder when 109125103 is divided by 15.
13
What is the remainder when 3509030 is divided by 376?
198
Calculate the remainder when 32078164 is divided by 277.
179
What is the remainder when 59472004 is divided by 708000?
4
Calculate the remainder when 933549 is divided by 466268.
1013
Calculate the remainder when 2485312 is divided by 225935.
27
Calculate the remainder when 16289583 is divided by 15281.
37
Calculate the remainder when 299904 is divided by 750.
654
Calculate the remainder when 9210603 is divided by 21420.
3
What is the remainder when 529641 is divided by 437?
434
Calculate the remainder when 177927 is divided by 57.
30
Calculate the remainder when 1551328 is divided by 2245.
33
Calculate the remainder when 245048 is divided by 10749.
8570
Calculate the remainder when 8592195 is divided by 76716.
3
What is the remainder when 21569496 is